 16, what is 38acc - 5?
38ac7
In base 12, what is 2 + -276?
-274
In base 3, what is -20210100000 - -2?
-20210022221
In base 5, what is -20 - 204114?
-204134
In base 2, what is 111011000 + -1100?
111001100
In base 4, what is -112102 + 20?
-112022
In base 6, what is 405 - 5505?
-5100
In base 14, what is -27 - -916a?
9143
In base 4, what is 1010 + -1123?
-113
In base 5, what is -2113044 - -101?
-2112443
In base 2, what is -101011111001 - 1000?
-101100000001
In base 5, what is -223223131 + 1?
-223223130
In base 10, what is 5 - 55062?
-55057
In base 2, what is 0 - -100110101011000001?
100110101011000001
In base 15, what is 11009 - 3?
11006
In base 14, what is 1415 - -138?
154d
In base 10, what is -1064 + -147?
-1211
In base 7, what is 525 - -25233?
26061
In base 3, what is 100011 - -211210?
1011221
In base 3, what is 11010 + 1101022?
1112102
In base 15, what is -7a9 - -3b5?
-3e4
In base 5, what is -31013 - 3041?
-34104
In base 9, what is 871 - 22?
848
In base 5, what is 2140304 - 101?
2140203
In base 2, what is -101 + 1010111011011000110?
1010111011011000001
In base 15, what is 2d0 - -1c0?
4a0
In base 3, what is 2 - -110111122?
110111201
In base 10, what is 2 + 8458?
8460
In base 11, what is -121 - -3750?
362a
In base 15, what is -15 - 24e0?
-2505
In base 8, what is -1 + 765175?
765174
In base 9, what is 266710 + -12?
266687
In base 2, what is -101100100 + 10011011101?
1101111001
In base 13, what is 2 - 79486?
-79484
In base 14, what is 640 + -5d?
5c1
In base 12, what is -692 - 419?
-aab
In base 10, what is 2253 + 5?
2258
In base 4, what is -2203303 - 0?
-2203303
In base 6, what is 5045 - -1?
5050
In base 6, what is -1 - -2450?
2445
In base 10, what is -1 - 4773?
-4774
In base 14, what is -43cb + 0?
-43cb
In base 4, what is -33220 + 1331?
-31223
In base 5, what is -200 + -231111?
-231311
In base 4, what is 112 + 213213?
213331
In base 16, what is -42 + 386?
344
In base 14, what is -611 - 65?
-676
In base 6, what is 13523 + 232?
14155
In base 14, what is 670 + -292?
3bc
In base 2, what is 100 - -11111000001100?
11111000010000
In base 16, what is 98 - -b4a?
be2
In base 14, what is 277 - -36?
2ad
In base 8, what is 3 - -15167?
15172
In base 5, what is 4024 - 1211?
2313
In base 5, what is 1123 + 12020?
13143
In base 14, what is -5 - 3625cc?
-3625d3
In base 4, what is -1223 + 2200301?
2133012
In base 4, what is 103 + 302220020?
302220123
In base 12, what is 5326 + 5?
532b
In base 9, what is -38 + -133353?
-133402
In base 11, what is -1250a - 10?
-1251a
In base 5, what is -22 + -100141?
-100213
In base 13, what is 121553 + 0?
121553
In base 4, what is 12130220 - 101?
12130113
In base 5, what is -31141 + 2101?
-24040
In base 3, what is 0 - 200120202?
-200120202
In base 12, what is -4 - 35a644?
-35a648
In base 11, what is 554 + 17?
570
In base 4, what is 0 + -3221231?
-3221231
In base 14, what is -7 + -28c08?
-28c11
In base 4, what is -122303 + 21?
-122222
In base 14, what is 1068 + 385?
140d
In base 7, what is -116051402 + -3?
-116051405
In base 16, what is 4 + -4eb5?
-4eb1
In base 5, what is 4 + -14344442?
-14344433
In base 13, what is -16565a + -2?
-16565c
In base 13, what is -12a10 + 4?
-12a09
In base 2, what is 1100011000000011 + -10?
1100011000000001
In base 9, what is -3 + 80745?
80742
In base 10, what is 83303 + 6?
83309
In base 4, what is 333130 + -221?
332303
In base 12, what is -9633 - 90?
-9703
In base 2, what is -1111 - 100001111100?
-100010001011
In base 5, what is 21 - 140403?
-140332
In base 4, what is -23 - 2013?
-2102
In base 13, what is -2a - -2063?
2036
In base 8, what is 4 - -277606?
277612
In base 6, what is 2202511 - 21?
2202450
In base 14, what is 3dcc - 8?
3dc4
In base 11, what is 4 - 136858?
-136854
In base 12, what is -70b - 5?
-714
In base 3, what is -2010001 + -101?
-2010102
In base 15, what is -727a + 9?
-7271
In base 4, what is 11200302 + 3010?
11203312
In base 9, what is -3 - -21481?
21477
In base 9, what is -262214 - 17?
-262232
In base 7, what is -5 + -1532045?
-1532053
In base 16, what is -79 + cde?
c65
In base 11, what is 1891 - 10?
1881
In base 16, what is 1ac3c0 - 1?
1ac3bf
In base 5, what is 212 + 4033234?
4034001
In base 8, what is 2175 - -126?
2323
In base 7, what is 200 - 4225?
-4025
In base 3, what is -12 - 1000001212200?
-1000001212212
In base 2, what is -1001101 + -100101001101?
-100110011010
In base 11, what is -10942 + 3?
-1093a
In base 11, what is 9a1 + 37?
a28
In base 3, what is 22001 + 11110?
110111
In base 2, what is 1 + 10010110011111101?
10010110011111110
In base 5, what is -10200 + 33?
-10112
In base 7, what is -23124 - -34?
-23060
In base 12, what is 3505ab + 0?
3505ab
In base 15, what is 160d - 40?
15bd
In base 16, what is 18ae + 10?
18be
In base 9, what is -1716880 + -1?
-1716881
In base 11, what is -8 + -261a2?
-261aa
In base 2, what is 100000 + -10100011000?
-10011111000
In base 8, what is -2 - -4413771?
4413767
In base 12, what is 13 - -30b?
322
In base 12, what is -6 + -2931b?
-29325
In base 15, what is 144 + -55?
de
In base 5, what is 12141444 + 2?
12142001
In base 7, what is -4451 - -164?
-4254
In base 8, what is -44 + 4113?
4047
In base 14, what is -1a714d - 3?
-1a7152
In base 6, what is 32 - -531?
1003
In base 10, what is 46 - 895?
-849
In base 14, what is -7 + -50a?
-513
In base 6, what is 3422 - 233?
3145
In base 7, what is -10166 + -10?
-10206
In base 7, what is -26304 + 441?
-25533
In base 4, what is 11320223 + -1010?
11313213
In base 7, what is -15544101 + 4?
-15544064
In base 2, what is -111001 - -1000111000?
111111111
In base 11, what is -11203 - -20?
-11193
In base 7, what is 1 - 50030?
-50026
In base 8, what is 735765 - 15?
735750
In base 5, what is 132340 + 2?
132342
In base 16, what is 37b642 + 2?
37b644
In base 14, what is 5105 + 3?
5108
In base 13, what is 5 - 13344a?
-133445
In base 10, what is -227 + -19?
-246
In base 6, what is -5 + 2112?
2103
In base 10, what is -33 + 3287?
3254
In base 5, what is -1 + -1134403?
-1134404
In base 7, what is -1 + 313031?
313030
In base 13, what is 1174 + 2?
1176
In base 16, what is -14 - ea4?
-eb8
In base 2, what is 100011101011010 + -1011?
100011101001111
In base 14, what is -24 - 1453?
-1477
In base 7, what is -1 - 5524?
-5525
In base 14, what is 42 - 1860?
-181c
In base 4, what is 11201330 + -10?
11201320
In base 12, what is 50 - 558?
-508
In base 12, what is -31 - 657?
-688
In base 7, what is -250660 - 21?
-251011
In base 14, what is -26 + -151d?
-1545
In base 11, what is -4 + 534a1?
53498
In base 15, what is 65b - 4c?
60e
In base 13, what is 145 - 38c7?
-3782
In base 3, what is 10112 - 1010?
2102
In base 16, what is 4 + -224aa?
-224a6
In base 6, what is 2 - 1553025?
-1553023
In base 13, what is -25a - 15?
-272
In base 13, what is 4 - 5b171?
-5b16a
In base 5, what is -21133 + -144?
-21332
In base 9, what is 835275 + -1?
835274
In base 4, what is 10 - -311302102?
311302112
In base 14, what is 2 - 4337?
-4335
In base 2, what is 10010 - 1000101001010000?
-1000101000111110
In base 13, what is -6 - 284b?
-2854
In base 10, what is 59 + -60?
-1
In base 6, what is 1020232 - 0?
1020232
In base 10, what is 32 - 743?
-711
In base 9, what is -3 + 14051?
14047
In base 16, what is 822f2 + 3?
822f5
In base 15, what is -10c + -142b?
-1538
In base 8, what is -1627 + -103?
-1732
In base 3, what is 11222101 + -21?
11222010
In base 7, what is 622545 - 3?
622542
In base 12, what is 28 - 1264?
-1238
In base 4, what is 3101 - -200111?
203212
In base 4, what is 3 + 122231223?
122231232
In base 15, what is -8 - c1e?
-c27
In base 12, what is -5 - 52314?
-52319
In base 16, what is -3d9f - 1?
-3da0
In base 15, what is 179d + -4?
1799
In base 2, what is -10101000101001001111010 - 10?
-10101000101001001111100
In base 5, what is -24224 + 2124?
-22100
In base 5, what is -24143 + 4412?
-14231
In base 6, what is -23502405 - -2?
-23502403
In base 9, what is -4412 + -5?
-4417
In base 13, what is -3 + 1026?
1023
In base 14, what is -11 - -647?
636
In base 5, what is 10102 - 40?
10012
In base 14, what is -259a - 2?
-259c
In base 6, what is 1010450050 + 2?
1010450052
In base 15, what is a101 + -4?
a0ec
In base 12, what is 2687 + 37?
2702
In base 9, what is -5 + 52838?
52833
In base 9, what is -215 + 40575?
40360
In base 4, what is 3 + 2?
11
In base 4, what is 2 - 2222302312